 is divided by w(-3).
4
Suppose -15 = -4*l + 1, 47 = 5*f - 2*l. Let h(s) = s - 3. Calculate the remainder when f is divided by h(6).
2
Calculate the remainder when (-2)/((-24)/652) - 4/(-6) is divided by 29.
26
Let j = 20 + -34. Let t = j + 21. What is the remainder when t is divided by 4?
3
Calculate the remainder when 41 is divided by (-170)/(-8) - 3/12.
20
Let g = 30 + -27. What is the remainder when 4 is divided by g?
1
Let n(z) = z**2 + 6*z + 2. Let c be n(-4). Let b = 8 + c. What is the remainder when (-1)/((b/(-27))/2) is divided by 15?
12
Let n(k) = 2*k + 1. Let o be n(3). Suppose 0 = -o*x + 4*x. Suppose 4*m - 69 + 21 = x. Calculate the remainder when 22 is divided by m.
10
Let s = 14 + -3. What is the remainder when s is divided by 3?
2
Let f(g) = -g**3 - 7*g**2 - 4*g + 4. Let a be f(-6). Suppose r + 4*p = 19, 0 = 5*p - 0*p + 5. What is the remainder when r is divided by 2/8 + (-46)/a?
5
Let y(f) = f**3 + 3*f**2 - f + 4. Let b be (1/(-3))/(6/54). What is the remainder when -3 - -2 - -26 - -2 is divided by y(b)?
6
Let g(a) = a**3 + 5*a**2 + 5*a + 2. Suppose -3*m = -2*d - 2*d + 59, 4*d + m - 71 = 0. Calculate the remainder when d is divided by g(-3).
2
Suppose -2 = -n - 3, 0 = -5*r - 2*n + 298. Calculate the remainder when r is divided by 16.
12
Let a(l) = 7*l**2 + l. Let i be a(-1). Suppose -4*t - i*j = -j - 80, -5*j + 20 = t. What is the remainder when 38 is divided by t?
18
Calculate the remainder when 2 is divided by 8 + -11 + 6 + -1.
0
Suppose 12 = 6*p - 2*p - u, -5*p - 5*u + 40 = 0. Suppose -69 = -5*z - p. Calculate the remainder when 20*-1*20/(-8) is divided by z.
11
Let l be -1*4/2 + -12. Let h = l - -23. What is the remainder when 35 is divided by h?
8
Let k(q) = 2*q + 1. Let v be k(-1). What is the remainder when 2 is divided by -2 + ((-3)/v)/1?
0
Let n(z) = -83*z**2 + 9*z + 5. Let o(b) = 3*b**2 + 2*b - 15*b**2 + 1 - 9*b**2. Let y(f) = 2*n(f) - 9*o(f). Calculate the remainder when y(1) is divided by 9.
6
Suppose -3*z = 7 - 1. Let c be ((-4)/z)/(8/268). Suppose 3*h + 2*o - c = -3*o, 5*o = 25. Calculate the remainder when h is divided by 5.
4
Let u(v) = v**3 - 4*v**2 + 4*v - 3. What is the remainder when 77 is divided by u(4)?
12
Let y = 9 - 4. Calculate the remainder when y is divided by 4.
1
Suppose 0*n - 5*n + 1213 = 4*q, q - n = 292. What is the remainder when q is divided by 60?
57
Suppose -3*j + 13 = -26. Calculate the remainder when 36 is divided by j.
10
Let a be 20/12*(1 - -2). Let t = 23 - a. Calculate the remainder when t is divided by 10.
8
Let b be (-1*14)/((-1)/(-3)). Let m be (-1)/(-4) - (-1)/4*7. Let l = m - b. Calculate the remainder when l is divided by 15.
14
Let w be (60/(-16))/((-3)/(-8)). What is the remainder when 7 is divided by (w/(-15))/((-2)/(-12))?
3
Let f(z) = z - 2. Let m be f(4). Let o be -1 - m - (-7 + 5). What is the remainder when 1 + 2/o + 36 is divided by 12?
11
Let d = 5 + 7. Let r(i) = i**2 - i + 45. What is the remainder when r(0) is divided by d?
9
Let i = 12 - -30. Suppose 0 = -3*c + 6*c - i. Calculate the remainder when c is divided by 5.
4
Calculate the remainder when (-114)/(-2) + (1 - 3) is divided by 8.
7
Let x = -22 + 40. What is the remainder when (-2 - -1)/(2/(-106)) is divided by x?
17
Suppose 0 = a - 3*a + 50. What is the remainder when a is divided by (-44)/(-6) + 1/(-3)?
4
Suppose 13 = -5*x + 133. Suppose x = 2*v - q - 8, -5*q - 75 = -5*v. Let p(y) = 2*y**2 + y + 5. What is the remainder when p(-4) is divided by v?
16
Suppose -3*k - 4*u + 3 + 25 = 0, -2*u = -2*k. What is the remainder when 10 is divided by k?
2
Let s be 2 - 0*(0 + 1). Let i be s/(-6) + 7/3. Suppose -5*t = -5*p - 55, -3*t = t + i*p - 50. What is the remainder when t is divided by 7?
5
Let k = -41 - -59. Suppose -m - 1 = 2*f, 2*f + 16 = 2*m - 0*f. What is the remainder when k is divided by m?
3
Suppose 0 = -2*u - u + 48. What is the remainder when 72 is divided by 10/u*2*20?
22
Let m = -168 - -324. What is the remainder when m is divided by 23?
18
Suppose 0*q - 2*q = -10. Suppose 4*i - 15 = -q*s, s - 2 = -0*s - i. What is the remainder when 20 is divided by s?
6
Let q(z) = -2*z**2 - 5*z - 2. Let w be q(-3). Let m(k) = k + 3. Let c be m(w). What is the remainder when 27 is divided by (-14 - 0)*(-3 - c)?
13
Let l(o) = o**3 + 1. Suppose 4*i - 5 - 11 = 0. What is the remainder when l(i) is divided by 17?
14
Let p = 155 - 96. Suppose 3*h = -2*h + 15. Suppose 11 = h*c - 49. What is the remainder when p is divided by c?
19
Let v(u) = 4*u**2 + u. Let l = 3 + -2. Suppose -a = 4*a - 70. What is the remainder when a is divided by v(l)?
4
Suppose 0 = 2*m - 18 + 6. Suppose -19 = k + q, 2*q - 18 = -0*k + 2*k. Let f = 29 + k. What is the remainder when f is divided by m?
3
Suppose -60 = 2*r - 6*r. Suppose k + r = 4*k. What is the remainder when 13 is divided by k?
3
Let f(m) = -m**3 - m**2 - m + 93. Let l be f(0). Suppose -5*y + l + 47 = 3*s, 83 = 3*y + 2*s. What is the remainder when y is divided by 8?
7
Let i = -62 + 96. Calculate the remainder when 101 is divided by i.
33
Let q(t) = -2*t**2 + 2*t + 4. Let p(v) = -3*v**2 + 2*v + 4. Let b(m) = -3*p(m) + 4*q(m). Let d = 59 + -24. What is the remainder when d is divided by b(-4)?
11
Let b(v) be the second derivative of v**5/20 + v**4/2 - 7*v**3/6 + v**2/2 + v. Let u be b(-7). What is the remainder when (-5)/(-1) - (0 + u) is divided by 2?
0
Suppose 10*f - 3*f - 119 = 0. What is the remainder when 62 is divided by f?
11
Suppose -7 = -0*b - b. Calculate the remainder when 1/((-448)/91 + 5) is divided by b.
6
Suppose 5*f - 85 = 7*n - 2*n, -n = -3*f + 57. Suppose -f = -d - 0. What is the remainder when 79 is divided by d?
19
Suppose -3*o = -2*o - 7. Calculate the remainder when 26 is divided by o.
5
Let n(b) be the first derivative of b**2 - 8*b + 1. Let y = 5 + 24. What is the remainder when y is divided by n(9)?
9
Suppose -4 = -4*a - 0. Calculate the remainder when a is divided by 1.
0
Suppose -b - 5*u = -17, -4*b = -0*u + 3*u - 34. Calculate the remainder when 3/(3/13) + 10/(-10) is divided by b.
5
Suppose -6*r = -20 - 10. Calculate the remainder when 18 is divided by r.
3
Let a(n) be the third derivative of -n**6/120 - 7*n**5/60 - n**4/3 - n**3 + 4*n**2. Let i be a(-6). Calculate the remainder when 26 is divided by i*(-3)/(-4)*2.
8
Let k be 10/3*3/2. Let a(x) = -x**2 + 7*x - 6. Let f be a(k). Suppose 3*h = 2*r - 9, f*r - 4*h + 7*h = 45. Calculate the remainder when 26 is divided by r.
8
Let p = 1 + 8. Let n = 42 - 7. What is the remainder when n is divided by p?
8
Suppose -2*c - 10 = -4*c. Suppose -4*q + 35 = q - 4*n, -4*n = -q + 23. Calculate the remainder when c is divided by q.
2
Suppose 3*h - 1192 = -5*h. What is the remainder when h is divided by 10?
9
Suppose 3*v - 41 = 55. Suppose 5*d - 10 - 50 = 0. What is the remainder when v is divided by d - (4 + (-3 - 0))?
10
Suppose 5*x + 6486 = 4*q, 0 = -7*q + 2*q - 5*x + 8130. What is the remainder when 16/88 + q/22 is divided by 19?
17
Suppose -w - 42 = -5*g, -g + 5*w - 22 = -5*g. Suppose -15 = 4*s - 9*s. What is the remainder when g is divided by s/12 + 11/4?
2
Let p(d) = 37*d**2 + d + 3. Let u be p(-2). Suppose 4*n + u = 765. What is the remainder when n is divided by 39?
37
Let x(w) = 11*w - 5*w - 51*w. Let z be x(-1). Let b = z - 30. What is the remainder when b is divided by 9?
6
Suppose 11*q - 6*q - 380 = 0. Suppose -5*j = -64 - q. Suppose -5*f - 3*o + j = -5*o, -3*f - 4*o = -22. What is the remainder when 10 is divided by f?
4
Let q(w) = -w**3 + 12*w**2 + 14*w - 4. What is the remainder when 125 is divided by q(13)?
8
Let c = 3 - 3. Suppose -4*y - 9 + 57 = c. Let g = y - -8. What is the remainder when g is divided by 11?
9
Suppose -3*r = -w + 8 + 15, 4*w - 2 = 2*r. Calculate the remainder when 11 is divided by (r + 16)/(-1 - -2).
4
Suppose 279 = 12*n - 3*n. What is the remainder when 60 is divided by n?
29
Suppose -2*s + 50 = -s. Calculate the remainder when s is divided by 13.
11
Suppose -3*p - 8 = p. Let k be (3/6)/(p/(-36)). What is the remainder when 19 is divided by 66/k - 2/6?
5
Let z be (-14)/(-4)*24/42. Suppose z*g + 11 = 4*i + 3*g, 0 = 5*i - 4*g + 2. What is the remainder when i is divided by 2?
0
Let a(x) = 36*x**3 - x**2. What is the remainder when a(1) is divided by 9?
8
Suppose 0 = u - 5*u - 16. Let p(b)